**3 + 7/2*b**2. Give a(8).
2
Let c(q) = q - 4. Let b(w) = -3*w + 9. Let g(x) = -3*b(x) - 8*c(x). Suppose 22 = 4*o + 2. Let t(r) = r**3 - 5*r**2 - r + 1. Let j be t(o). Give g(j).
1
Let i(p) = 18*p**3 - 9*p**2 + 9*p + 45. Let r(m) = 4*m**3 - 2*m**2 + m + 9. Let q(l) = 3*i(l) - 14*r(l). Give q(4).
-51
Let q(f) be the first derivative of 0*f**2 + 1/24*f**4 - 4*f**3 - 27 - 11/360*f**6 - 1/120*f**5 + 0*f. Let d(m) be the third derivative of q(m). Determine d(1).
-11
Let l(z) = -z**3 + 8*z**2 - 7*z - 4. Suppose 3*k + 2 = -2*a, -13 = -a + 1529*k - 1527*k. Give l(a).
36
Suppose -32 + 5 = -9*d. Suppose 3*t - 1 = 2*q, t = 2*q + d*q - 30. Let z(m) = -m**2 + 5*m + 4. Calculate z(q).
-10
Suppose -2*a = -5*s + 8, 0 = 2*s - 3*a + 10*a - 11. Let v(g) = -33*g - 9. Calculate v(s).
-75
Let d = 207 + -170. Suppose n - 9 = -2*r, d = 5*n - 0*r + 2*r. Let b(c) = c**2 - 5*c - 7. Determine b(n).
7
Let v be 19 - (7 + -15 - -35). Let g(r) = 18*r + 130. Give g(v).
-14
Suppose 75*q - 320 = 11*q. Let z(a) = -a - 27. Calculate z(q).
-32
Suppose -5*x - 8 + 29 = 3*y, x + y = 5. Suppose 0 = 2*q + j + 7, -x*q - j = -3*j + 21. Let k(w) = w**3 + 4*w**2 - 2*w + 4. Give k(q).
-11
Let x(a) = 2*a**3 + 3 + 2*a - 24130*a**2 + 24132*a**2 - 3*a**3 - 11. Determine x(2).
-4
Let g(a) = -a**2 + 3*a + 0*a - 4 + 0. Give g(5).
-14
Let c(z) = 5*z**2 + 49*z + 13. Let s(a) = -4*a**2 - 48*a - 14. Let l(y) = 3*c(y) + 2*s(y). Let d be l(-7). Let k(t) = -t**3 + 5*t + 5. Determine k(d).
17
Let v(y) = -17*y - 194. Let z be (56/24 - 6)/(40/(-6) + 7). What is v(z)?
-7
Suppose 17*c - 2*c - 390 = 0. Let j be 4/c + 212/(-26) + 3. Let o(x) = x**2 + 6*x + 2. Determine o(j).
-3
Let s(v) = -3*v**3 - 33*v**2 + 85*v + 12. Let i(q) = q**3 + 11*q**2 - 28*q - 4. Suppose 48*g - 63*g + 30 = 0. Let u(j) = g*s(j) + 7*i(j). Determine u(-13).
-4
Let u(v) = 4*v + 1398*v**2 - v**3 - 2817*v**2 + 1415*v**2. What is u(-5)?
5
Let j(g) be the second derivative of 0 + g + 1/12*g**4 - 1/6*g**3 - g**2. Let i be j(-2). Let a(h) = 2*h - 4. Give a(i).
4
Let g = 439009 - 439013. Let n(h) = -3*h**2 - 24*h - 27. Let s(v) = v**2 + 8*v + 9. Let q(o) = -2*n(o) - 7*s(o). Calculate q(g).
7
Let d(l) = 13*l - 27. Let t(o) = 5*o - 9. Let h(y) = -3*d(y) + 8*t(y). Let j(c) = -1. Let z(b) = h(b) + 2*j(b). Calculate z(0).
7
Let a(l) = -2*l**2 - 8*l. Let j be 7/14*0/1. Suppose 3*c - 2*x + 90 = -c, -2*c - x - 47 = j. Let w = c + 17. Determine a(w).
-24
Let p(g) be the second derivative of -g - 1/6*g**4 + 1/10*g**5 - 15 - 1/2*g**2 + 1/3*g**3. Let v = 8 + -7. Give p(v).
1
Let h(o) = -o - 13. Suppose -169*r + 104*r + 130 = 0. Calculate h(r).
-15
Let n(p) = 2*p**3 - 2*p - 3 + 6*p + 6 + 3*p**2. Suppose -9*l = -5*l - 608. Let a be (l/(-280) - 3/(-21))*5. Determine n(a).
-9
Suppose m = 110*a - 109*a - 13, 4*a - 3 = -3*m. Let q(l) = -l**3 - 8*l**2 - 8*l - 19. Give q(m).
-12
Let a(l) = -352 + 1094 - 391 - 363 + 6*l. Give a(3).
6
Let g(n) = 3*n - 8. Suppose -49*d + 147*d - 588 = 0. Determine g(d).
10
Let v(d) = 6*d**2 + 3*d - 6. Let h(l) = -11*l**2 - 6*l + 10. Suppose -j = -3*a - 15, 3*j = 2*a - 0*j + 10. Let f(r) = a*v(r) - 3*h(r). What is f(-2)?
6
Suppose 0 = -5*r + 22*a - 25*a - 85, 0 = 4*r + 2*a + 66. Let p(s) = 8*s + 105. Determine p(r).
-7
Let b(i) be the first derivative of -3*i**4/4 + i**3/3 - 13. Let l be -4*(-3)/18 + 20/60*1. Determine b(l).
-2
Let c(q) = 18*q + 1270. Let a be c(-72). Let t(n) = n**2 + 24*n - 45. What is t(a)?
7
Suppose 6*j = -198 + 654. Suppose j*o = 81*o + 10. Let x(k) = -k**3 - k**2 + k. Determine x(o).
2
Let g(s) = -s - 3. Let a be g(-1). Let y(z) be the first derivative of 3*z**4/4 + z**3/3 - z**2/2 + 2*z + 406. Determine y(a).
-16
Let h(g) = -g**2 - 8*g + 2. Let p be h(-8). Let o(t) = -2*t - 325 + 324 + t**2 + t**2 - 3*t**p. What is o(4)?
-25
Let h be ((-28)/(-2))/2 + 60/(-15). Suppose -h*z = 2*z + 5*j - 25, -4*j + 10 = 2*z. Let a(w) = w**2 - 6*w - 2. Determine a(z).
-7
Let r(j) be the first derivative of -4*j**3/3 - j**2/2 - 402. Suppose 0 - 6 = -o. Suppose 2*b = 4*h + o*b - 16, 4*h - b + 9 = 0. Calculate r(h).
-3
Let a(j) = -j**2 + j + 6. Let z(h) = 2*h**2 - h - 11. Let q(g) = 5*a(g) + 2*z(g). Let k be 4/2*4 + -2. What is q(k)?
-10
Let m(x) = -x**3 - 11*x**2 + 12*x + 13. Let t(o) = 4*o - 82. Let h be t(21). Suppose 3*g = -h*g - 5*k - 80, -4*g - 60 = 3*k. Determine m(g).
13
Let f(h) = -6*h**2 - 8*h - 8 - h**2 + 4*h**2 + 2*h**2. Suppose 3*m - 405 - 405 = 0. Let t = m - 276. Calculate f(t).
4
Let a be 4/(-10) - 5778/(-1070). Let x(w) = -w**3 + 6*w**2 + 5*w - 4. What is x(a)?
46
Let g(m) = 2*m**2 - m - 1. Let q be 2*((-150)/(-125))/(8/10). Suppose 3*r - 6 = 3*h, -2*h = q*h + 5*r. Give g(h).
2
Let b(s) = s**2 + 3*s + 2. Let h(c) = c**3 - 14*c**2 + 17*c - 15. Let k = -35 + 48. Let l be h(k). Suppose -l*f = -42*f - 25. Determine b(f).
12
Let w = -10 + 11. Let f = -1 - w. Let n be (-1)/2*f*6. Let g(j) = j + 2. What is g(n)?
8
Let d(a) = -5*a - 9. Let o(l) be the second derivative of -l**4/12 - l**3/3 + 6*l**2 - 9*l. Let u be o(-5). Let b be d(u). Let r(y) = -y + 6. Determine r(b).
0
Let c(o) = -22*o - 24 + 39*o - 22*o. Let b(s) = -6*s - 27. Let j(g) = -3*b(g) + 4*c(g). Give j(-7).
-1
Let l(x) = -x + 6. Let d = 31 - 25. Let q be l(d). Suppose -5*k + q = -20. Let i(g) = -g**2 + g + 1. What is i(k)?
-11
Let y be ((-95)/10 - -12)*-2. Let b(h) be the second derivative of -h**5/20 - 5*h**4/12 - h**3/3 - 2*h**2 - 7*h. What is b(y)?
6
Let a(x) = 8*x + 4 - 3*x - 3*x - 4*x + x**3 - x**2. Let m be 38/1*2*1/4. Let c = 16 - m. Calculate a(c).
-26
Let z(b) = 6*b**3 - 2*b**2 - 4*b + 8. Let g = -55 + 61. Let s(p) = -5*p**3 + p**2 + 4*p - 7. Let h(o) = g*z(o) + 7*s(o). Calculate h(4).
-1
Let g(w) = -5*w**2 - w. Let t = -31 - -38. Suppose -t*r - 3 = -4*r. Let a be g(r). Let v(d) = -d**2 - 4*d + 1. What is v(a)?
1
Let k(h) be the second derivative of h**5/20 + 5*h**4/12 - 4*h**3/3 - 7*h**2/2 + 5*h. Let w be 6 + (-2 - 3) + -7. What is k(w)?
5
Suppose 0 = -4*m - d + 23, -m = 4*d + 47 - 64. Let q(a) = 0*a - 3*a - 3*a + m*a + 3. What is q(-9)?
12
Let r be 4 + (10 - 18) + (-7 - 0). Let j(k) = k**3 + 12*k**2 + 8*k - 34. Calculate j(r).
-1
Let j = 86 - 80. Let u(b) = -12*b - 7*b + 16*b - j + b**2. Let q(s) = -s**3 + 9*s**2 - 16*s - 7. Let c be q(6). Calculate u(c).
4
Let w(t) be the first derivative of t**2/2 - 16*t + 3. Let y = 142 - 132. Let f be y*(16/(-5))/(-4). Calculate w(f).
-8
Let k be (-388)/(-2522) - (1 - 80/(-13)). Let r(t) = t**2 + 13*t + 20. Give r(k).
-22
Let b(c) = c + 10*c + 6*c + 14 - 16*c. Suppose -2*a = 4*x - 10, 2*a - 15 = -x + 2*x. Let y(l) = l - 17. Let p be y(a). Determine b(p).
4
Suppose -37*t + 87*t = -72*t - 1952. Let f(y) = -2*y**3 - 29*y**2 + 52*y + 36. Calculate f(t).
-28
Let j be (-5)/((22/4 + -6)/2). Suppose j*r = -14 + 54. Let k(z) = -2*z**2 - 2*z + 5. What is k(r)?
-7
Let k(t) = -60*t + 103 + 295 + 132 + 246 + t**2. What is k(41)?
-3
Let g(h) be the third derivative of h**6/120 + 2*h**5/15 + h**4/6 + 5*h**3/6 + 50*h**2 + 3*h. What is g(-7)?
26
Let m be 0/((4/1)/2). Suppose -4*g = 4*l - m*g + 8, 2*l = 3*g + 11. Let t(n) = 1 - 2*n - 2 + 9*n. Calculate t(l).
6
Let n(k) = -104*k**2 + 8 - 98*k**2 + 6*k - 99*k**2 - 105*k**2 - 2*k**3 + 402*k**2. What is n(-3)?
8
Let m(h) be the second derivative of -14*h**3/3 + 3*h**2/2 + 10387*h. What is m(-2)?
59
Let r(a) be the first derivative of a**6/360 + 7*a**5/120 - a**4/6 + 62*a**3/3 + 46. Let g(o) be the third derivative of r(o). Determine g(-7).
-4
Let o be 6*(2/4 - 0). Let m(k) = 9*k**2 + 6*k**2 - 1 - 26*k - o*k**2 + 24*k. Let j be 2/10*(-3 + -1 + -11 + 10). Calculate m(j).
13
Suppose w = -f + 15 - 5, -22 = -w - 3*f. Let z(l) = -10*l + 57. Determine z(w).
17
Let g be (-14 + -1)*((-245)/(-25) + -11). Let t be 26/4 - g/(-12). Let f(y) = 2*y - 12. Give f(t).
4
Let l(g) = -3*g + 5. Suppose 3*u - 4 = -6*b + 2*b, 3*b = -3*u. Let v(f) = 7*f - 2*f - b - 1 - 3. Let w(k) = 8*l(k) + 5*v(k). What is w(-8)?
-8
Let l(j) = j + 1617 - j**2 - 807 + 7*j**2 - j**3 - 809. Determine l(6).
7
Let p(w) = 30 - 3724*w + 7428*w - w**2 - 3713*w. What is p(-14)?
-40
Let p = -13 - -15. Let u(o) = o**2 - o**2 + 2*o**2 - o**p - 2*o - 3*o**2. Give u(-3).
-12
Let u be 6345/72 - 2/16. Suppose -3*y + 97 = u. Let i(a) = -2*a**2 + a + 4. Give i(y).
-11
Let m = -300 + 291. Let d(y) be the second derivative of -y**4/12 - 4*y